 (-3 + 1) prime?
False
Is (-184086)/(-105) - 1/5 composite?
False
Suppose -2*d = -2*w - 1522, -4*d = w - 138 - 2931. Suppose -186 = 4*y - d. Is y a prime number?
False
Suppose 22*w = 56*w - 33694. Is w composite?
False
Suppose 9603 = -2*w - c - 4*c, 24039 = -5*w - 2*c. Let b = w + 7800. Is b a prime number?
False
Suppose 0 = -6*t - 105 - 63. Is t/6*-48*10 - 3 a composite number?
False
Suppose -h - 2*m - 288 = 0, 0 = -4*h - 2*m - 590 - 556. Let s(c) = 9*c**3 - 4*c**2 - 2*c - 1. Let y be s(-4). Let r = h - y. Is r a prime number?
True
Suppose -4*a + 1138 = -566. Suppose -a = -4*z + 2130. Suppose 3*r + 4*b - 337 = 142, -4*r - 5*b + z = 0. Is r a prime number?
False
Let s(c) = -3397*c**3 + c**2 + 9*c + 5. Is s(-2) prime?
False
Let p = 8 + 0. Is 2/4*(p - -438) composite?
False
Let g(m) = -14*m - 19 - 18 - 25*m. Is g(-16) a prime number?
True
Suppose -3*f + 5*t + 1931 = -828, -f + 901 = 3*t. Is f prime?
False
Suppose 0*w = 2*w + 14. Let p be (7 - w)*4/14. Suppose 3*y - 18 = -2*o, 4*o + p*y + 0*y = 32. Is o composite?
True
Let z = 15436 + -10359. Is z composite?
False
Is (-3)/(-4) + 1020099*7/84 a composite number?
False
Let z(f) = f**2 + 18*f + 52. Let h be z(-15). Let w(a) = 8*a**3 - a**2 + 6*a - 15. Is w(h) prime?
False
Suppose -2*s - 2*h = -s - 6, 5*s + 12 = 4*h. Suppose -y - 10 = -3*v - 2*y, s = -2*v + 4*y - 12. Suppose -65 = v*c - 3*c. Is c a prime number?
False
Suppose -24*k + 18*k + 140556 = 0. Let g = k - 11377. Is g a prime number?
True
Let q be 2*4/(-24)*0. Suppose -4*o + 2517 = d, q*o - 3*d + 632 = o. Suppose 0 = -0*n - 2*n + 3*z + o, 5*z + 1261 = 4*n. Is n a prime number?
False
Suppose 21*k = 60*k - 1698099. Is k prime?
True
Let p(s) = s**2 - 11*s + 13. Let d be p(10). Suppose 3*h + 127 = 4*g, d*h - 2*h - 154 = -5*g. Is g composite?
False
Suppose -5*o + 2725 = -485. Let t = o - 333. Is t a prime number?
False
Suppose 3*k + 1 - 19 = 0. Suppose f - k = -0. Is 52 - (-5 + f + -4) composite?
True
Let y be 89/7 - (-10)/35. Let g = y - 7. Suppose x - g = -0*x. Is x a composite number?
True
Let b(u) = 126*u - 3. Let l(i) = 63*i - 2. Let m(n) = 3*b(n) - 7*l(n). Is m(-2) prime?
True
Suppose 1 = -m + 5. Is (-2)/(2*m/(-364)) a prime number?
False
Let r = -161 + 742. Is r prime?
False
Suppose -4*m + o = 5*o - 8480, -4*o = -m + 2120. Suppose 5*l - 6925 = -5*v + m, -v - 5*l + 1789 = 0. Is v a prime number?
False
Is -22166*(21/(-6) - -3) a composite number?
False
Suppose 4*h - 41068 + 10650 = -2*o, -3*o - 15 = 0. Is h prime?
True
Suppose 0*u - 2*u = 10, h - 4*u - 466 = 0. Suppose 0 = 2*w + 2*d - 1172, w + 4*d = h + 125. Is w a prime number?
False
Let b(l) = 1294*l**2 + 8*l + 19. Is b(9) prime?
False
Let v(h) = 295*h - 9. Let p be v(-8). Let z = -1560 - p. Is z a prime number?
True
Suppose 0 = -3*c + 2410 + 5333. Is c a composite number?
True
Is ((-12)/9 + 1)/((-11)/17061) prime?
False
Suppose -w - 119 = -888. Is w prime?
True
Suppose 15*t + 5*h - 464 = 14*t, 4*h - 1425 = -3*t. Is t a prime number?
True
Suppose -5*i - 12 = -8*i. Suppose i*o - 3*r = 808, -422 = -2*o - r - 2*r. Is o a composite number?
True
Let m be (150/(-1))/(24/80). Let v be (m/6)/((-2)/3). Let u = 506 - v. Is u a composite number?
True
Let q = 1246 - 78. Suppose -2*h + v = -q, 901 = -4*h - 2*v + 3229. Is h a prime number?
False
Suppose 4*j - j + 8970 = 0. Is (-9)/21 + j/(-35) composite?
True
Let d(c) = 3*c**2 + 8*c - 4. Let p(m) = m**2 - 17*m - 21. Let y be p(17). Is d(y) prime?
True
Suppose -5*t + 6*t - 145 = 0. Suppose 3*z + 192 = -0*z. Let r = t - z. Is r a composite number?
True
Let i(r) = r**3 - 27*r**2. Let g be i(27). Let s = 0 + 0. Suppose 0 = 5*u, g = -s*b + 5*b + 4*u - 435. Is b prime?
False
Let d = 69869 - 37218. Is d a prime number?
False
Let z(m) = -6*m**3 - 11*m**2 + 26*m + 71. Is z(-10) a prime number?
False
Suppose 0 = -2*a + 4*b + 100, -a - 2*b + 56 = 14. Let o = a + 5. Is o prime?
False
Suppose -3*a = -10 + 4. Suppose -a*p + 205 = -p. Is p prime?
False
Let p be (0 + -16 - 0)/((-6)/174). Let b = 867 - p. Is b a composite number?
True
Suppose -c + 2*i = -308, -c + 4*i + 308 = i. Suppose -33*x = -37*x + c. Is x prime?
False
Let t(v) be the first derivative of -2*v**2 - 27*v + 12. Let n be t(-8). Suppose -n*k = 4*b - 488, -111 = -5*b + k + 528. Is b composite?
False
Let b(y) = -y**3 + 28*y**2 + 3*y - 18. Let w be b(16). Is (-1)/2*w/(-3) composite?
True
Let q = 375 - 338. Is q composite?
False
Let n(k) = -356*k - 30. Let o be n(-9). Is (-6)/(-24) + (-2)/((-16)/o) a composite number?
False
Let g = 4 + -19. Let m be ((-60)/(-2))/(g/(-670)). Let x = m - 829. Is x a prime number?
False
Let u(g) = 179*g**2 + 21 - 3 - 6 - 2*g - 11. Is u(2) composite?
True
Let s(c) = -18*c**3 + 4*c**2 - 13*c - 25. Let b be s(-6). Suppose 0*i + m - b = -3*i, 5*i + m - 6807 = 0. Is i composite?
False
Suppose 3*f + 8 = -2*o, -2*o + 9*f + 24 = 4*f. Let i(v) = -363*v - 2. Let n be i(o). Let s = n - -1269. Is s composite?
False
Suppose 0 = 4*d + 2*d - 15354. Let c = 5512 - d. Is c a composite number?
False
Let k(t) be the third derivative of 63*t**4/8 - 8*t**3/3 + 6*t**2. Let u be k(-7). Let s = -766 - u. Is s prime?
False
Let b(y) = -y**3 - y**2 + 7*y + 10. Let g be b(-3). Is 2931*1 - (g + -3) a composite number?
False
Let h(l) = -29*l - 3. Let q be h(13). Let f = q + 715. Is f composite?
True
Let l = -1469 + 2910. Let t = l - -1566. Suppose 340 = -3*q + t. Is q a composite number?
True
Let s be ((-36)/(-16)*32/(-6))/(-2). Suppose -6 = s*l - 3*l, 5*l = 5*w - 19505. Is w prime?
False
Suppose 5*o + 3*y = 52374, 3*y - 2161 - 39740 = -4*o. Is o a composite number?
True
Let v(c) = 360*c**3 - 4*c**2 + 27. Is v(4) a composite number?
False
Let c = -35 - -684. Suppose 0 = w + 148 - c. Is w prime?
False
Let s = 313617 + -109220. Is s a prime number?
True
Suppose -5 = -c + 2. Suppose -c*a + 2*a = -255. Is 2/(6/a)*7 prime?
False
Is 1*(-10 - (-21663 + 10)) a composite number?
True
Let h(o) = 99*o - 18. Let g be h(8). Suppose -4*f + 254 = -g. Is f composite?
False
Suppose -3*n + 2*b = n - 24, -2*b - 8 = 0. Suppose 2*f + 3*f = 5*o + 795, n*f - 2*o = 632. Is f composite?
False
Let t = 402 - 62. Suppose g + m = 1 - 3, 2*g - 2*m = 16. Suppose -p + t = g*p. Is p composite?
True
Suppose x = -4*b + 4231, -4*b + 3*x = -3*b - 1048. Suppose -3*y - 3*w - 1233 = 0, 0 = -y + 6*w - w - 441. Let a = y + b. Is a a prime number?
True
Let m(b) = -b**2 + 3 - 3 + 1 - 2*b + 3*b. Let o(y) = 338*y**2 + 4*y + 4. Let d(j) = -5*m(j) + o(j). Is d(1) a prime number?
False
Suppose 484 = 2*v - 478. Let w = v - -150. Is w a prime number?
True
Suppose 5*d - t = 14, -d + 3*d = 5*t + 24. Suppose -3*g - 3263 = -5*g + h, 0 = d*g + h - 3269. Is g composite?
True
Suppose -3*m - 1235 = -3*k - 4*m, 3*m + 2035 = 5*k. Suppose 0 = 5*d - 3*w - k, w + 289 + 111 = 5*d. Is d composite?
False
Let r(x) = -75*x + 69. Let g(b) = -50*b + 46. Let v(d) = -8*g(d) + 5*r(d). Is v(9) a composite number?
True
Suppose 0 = 5*p + 2 - 22. Let v be 1/p + 20854/8. Suppose 9*u - 6*u = v. Is u composite?
True
Suppose -3*a + 14 = i - 7, -37 = -5*a - i. Suppose -a*w - 6*w = -7154. Is w a prime number?
False
Suppose 3*f + 0*f - 1098 = 0. Let m = f - 43. Is m a prime number?
False
Suppose -3*q + 4*q + 3328 = 2*p, -4978 = -3*p + 5*q. Let c = p + -229. Is c a composite number?
True
Suppose 694452 = 57*i - 13*i. Is i prime?
False
Suppose 0 = -98*d + 76*d + 712822. Is d a prime number?
True
Suppose -267043 = 1185*o - 1192*o. Is o prime?
True
Let f(v) be the third derivative of -v**6/360 - 11*v**5/120 + 11*v**4/24 - 2*v**3/3 + v**2. Let c(s) be the first derivative of f(s). Is c(-10) a prime number?
False
Let m(y) = -32254*y - 21. Is m(-1) a composite number?
False
Let w(t) = -7*t**3 + 12*t**2 + 13*t - 167. Is w(-20) prime?
True
Let k = 13 + -8. Suppose 2*i + k*q - 49 = 0, -3*q = -0*i - i + 52. Is i composite?
False
Let k = 19121 - -5688. Is k prime?
True
Let f(c) = -3 - 11*c - 2*c + 2*c**3 + 9*c - c**2. Let h be f(-2). Is 106*4/((-24)/h) composite?
True
Suppose 0 = 3*z - 5*q - 4078, -2*z - 7*q + 2744 = -4*q. Is z a composite number?
True
Let l = -78 - -84. Suppose -716 = -l*f + 718. Is f prime?
True
Let k(j) = -j. Let v(r) = 221*r - 17. Let w(l) = 2*k(l) - v(l). Is w(-8) composite?
False
Let p = 5 + -12. Let t = p - -12. Suppose t*z = 2*z + 267. Is z prime?
True
Let y(c) = 2*c**3 - 